2*n, n + 0*n = -4*u + 32. What is the remainder when 97 is divided by -17*((-15)/3 + u + -4)?
12
Let m = -183 - -188. Suppose w = m*y - 1384, -2*w + 438 + 118 = 2*y. What is the remainder when y is divided by 14?
11
Let d = -18 - -31. Suppose 0*s + 4*s + 2*q + 298 = 0, 5*s + 2*q + 372 = 0. Let p = s - -80. Calculate the remainder when d is divided by p.
1
Suppose 8 = 2*w - 3*z - 44, 0 = -5*z. Let i(j) = -2*j + 36. Let v be i(9). Let p = v + -11. Calculate the remainder when w is divided by p.
5
Suppose -183 = -11*g + 92. Calculate the remainder when (-82)/(-2)*(g - 22) is divided by 2/(-9) + (-454)/(-18).
23
Let b(r) = -r**3 + 16*r**2 - 16*r + 42. Let g(y) = -y**3 + 14*y**2 - 12*y + 2. Let j be g(13). Calculate the remainder when b(j) is divided by 21.
6
Suppose 25*k - 26*k + 15 = 0. Let q = 18 - k. Suppose -q*b = 5*s - 143, -b + s = -36 - 9. Calculate the remainder when b is divided by 16.
14
Let o be 15 - -4*(-6)/(-12). Suppose -110 = o*b - 27*b. What is the remainder when 17 is divided by b?
6
Let l = -683 + 1741. Calculate the remainder when l is divided by 18.
14
Let f be (24/(-52))/((-9)/117). Suppose -19 - 35 = -f*v. What is the remainder when 250 is divided by v?
7
Let n(i) = 8*i**2 + 5*i. What is the remainder when 422 is divided by n(-2)?
4
Let i = 377 + -172. Let t(k) = 22*k + 211. Calculate the remainder when i is divided by t(-8).
30
Suppose 12 = -z - p, 3*z - 9 + 55 = 2*p. Calculate the remainder when 340 is divided by (-27 + 34)/((-2)/z).
46
Let h = -1 + 12. Suppose -15*u = -12*u - 102. Suppose 10*w = 84 - u. What is the remainder when h is divided by w?
1
Let o = 11 + 26. Let y = 5162 + -924. Suppose 33*j - y + 674 = 0. Calculate the remainder when j is divided by o.
34
Suppose r = -7*r + 272. Suppose -r*k = 3*k - 6956. Calculate the remainder when k is divided by 19.
17
Let x = 16 + 10. Let d(l) = -6*l**2 - 5*l - 2. Let q be d(8). Let b = -354 - q. What is the remainder when b is divided by x?
20
Let k(w) = w**3 + 10*w**2 - 26*w + 31. Let z be k(-13). Let i = 142 + z. What is the remainder when i is divided by 2?
0
Let s = -1501 - -1507. What is the remainder when 2758 is divided by s?
4
Suppose 0 = 4*u + 5*v - 7416, -3*v + 5*v = -3*u + 5569. What is the remainder when u is divided by 62?
61
Suppose -455*s = -461*s + 2790. Let q = 481 - s. Let z = 149 + -38. What is the remainder when z is divided by q?
15
Let i = 20 - 12. Suppose 157*l - 7797 = -5913. What is the remainder when l is divided by i?
4
Suppose 4*j = 4*w - 2*j - 1926, 3*w - j - 1434 = 0. Calculate the remainder when w is divided by 15.
12
Let a be 23 - 2*12/(-8). Let y = a + -23. Suppose -21 = -6*p + 33. Calculate the remainder when p is divided by y.
0
What is the remainder when 1804 is divided by (1332/10)/(2340/2600)?
28
Let q = -1278 - -1969. What is the remainder when q is divided by 77?
75
Suppose 0 = 41*m - 6094 + 2773. Calculate the remainder when 270 is divided by m.
27
Suppose 18102 = -131*y + 152*y. What is the remainder when y is divided by 28?
22
Let a be 42 - (1 - (-2 - -3)). Suppose -a = -2*g + 58. Let m = 148687 + -148661. Calculate the remainder when g is divided by m.
24
Let u(m) = m**2 + m + 28. Let v be (-3 - -1 - -3)/1 + 1. Suppose 0 = 4*f - 2*b + 4, -5*b = v*f - 2*b - 6. What is the remainder when 53 is divided by u(f)?
25
Suppose 24*m = -173 + 5. What is the remainder when 10896/56 + 4/m + 1 is divided by 60?
15
Suppose s = 2*s - 46. Suppose -6*r + 26 = -4*r. Suppose 0 = r*q - 11*q - 24. Calculate the remainder when s is divided by q.
10
What is the remainder when 148 is divided by (2/(-3))/((-26)/2847) + -6?
14
What is the remainder when 10 - 18 - (2 - (1 - -285)) is divided by 28?
24
Let u be (-11 - 438/(-42))/(4/(-14)). Let r(n) = 16*n**2 + 4*n + 3. Calculate the remainder when r(u) is divided by 21.
12
Let k(g) = -g**3 + 4*g**2 - 16*g + 29. Let q be k(2). Suppose 96 = q*j - 174. Calculate the remainder when 211 is divided by j.
49
Suppose -53*m + 65*m = 264. What is the remainder when 5 - -170*(-1 - -2) is divided by m?
21
Suppose 204*m + 75 = 209*m. Suppose 5*f - 18 - 27 = 0. Calculate the remainder when f is divided by (m/3)/(-15)*-18.
3
Let g = -24408 - -24553. What is the remainder when 342 is divided by g?
52
Let u = 86 + -46. Let b = u + -30. Calculate the remainder when 158 is divided by b.
8
Let q = 834 - 785. Suppose 83*g = q*g + 13906. What is the remainder when g is divided by 82?
81
Calculate the remainder when 18/(-3)*(1 + (-480)/(-27))*-6 is divided by 102.
64
Suppose -3*n - 4*m + 116 = 0, 0*n - 3*m - 43 = -n. Suppose -4*s - 12 = -7*s. What is the remainder when n is divided by s?
0
Suppose -14*g = -10*g + 308. Let y = 255 + g. Let a(h) = 3*h**3 + h**2 + 2*h - 2. Calculate the remainder when y is divided by a(2).
28
Let b be (-5)/1 - (-1)/(1/8). Suppose -19 = -b*t + o + 147, o - 2 = 0. Calculate the remainder when t is divided by 35.
21
Let s(b) = -1 - 7 + 0 + 12*b + 13*b - 18*b. Calculate the remainder when s(11) is divided by 26.
17
Suppose 49 = 21*n - 182. Suppose 0 = 4*v + 4*z - 8, 5*v + 2 = z - 0. What is the remainder when 1/((4 - v)/72) is divided by n?
7
Let c(u) = 14*u + 71. Let o(d) = 3*d**2 - 50*d - 20. Let g be o(17). What is the remainder when c(g) is divided by 9?
2
Calculate the remainder when 6/(-4)*664/(-6) is divided by (744/279)/(8/102).
30
Suppose 374*t + 2052 = 378*t. Calculate the remainder when t is divided by 88.
73
Let x = 7452 - 6315. Calculate the remainder when x is divided by 7.
3
Let r(z) = -z**3 + 4*z**2 + 13*z. Let n be r(6). Calculate the remainder when 1/((-2)/18*-1) is divided by n*2 - (11 - (3 + 3)).
2
Let c be 1/((-16)/(-40)*(-15)/(-18)). Suppose 81 = 6*l - c. Calculate the remainder when l is divided by 4.
2
Let d = -117 + 119. Suppose 4*o - 13 = -d*b + 65, 2*b = 10. Calculate the remainder when 26 is divided by o.
9
Suppose -601 = -5*d + 3*i, -7*i = -4*d + 237 + 230. Calculate the remainder when 729 is divided by d.
119
Suppose -4*k = 3*s - 595, -4*k = -0*k + 8. Calculate the remainder when s is divided by 31 + ((-7)/2)/(175/(-150)).
31
Let s(k) = -9*k + 19. Let m(p) = -p**3 - p**2 - 8*p + 17. Let f(j) = 6*m(j) - 5*s(j). Calculate the remainder when 108 is divided by f(-2).
34
Let b = 2069 - 2037. What is the remainder when 4607 is divided by b?
31
Suppose -4*s - 3*l = -33, 3*l - 4*l - 46 = -5*s. Let f be (2 - -2) + 16*2. Calculate the remainder when s is divided by (2/4)/(3/f).
3
Let y(x) = -845*x - 5731. What is the remainder when y(-8) is divided by 332?
33
Let q = -3127 - -3146. Let h = 466 + -99. Suppose -f = 5*j - h, -3*j - 4*f = -4*j + 65. Calculate the remainder when j is divided by q.
16
Let m = -16 - -4. Suppose 2*b - 36 = 3*u + 2*u, 5*b - 52 = 3*u. What is the remainder when (-61)/(-4) + 3/m is divided by b?
7
Let v = -19796 + 20186. Calculate the remainder when 1482 is divided by v.
312
Let v(p) = 8*p - 22 - 2*p - 5*p + 6*p**2 - 7*p + 4*p**2 - p**3. Calculate the remainder when 18 is divided by v(9).
3
Suppose -325 = -150*o + 125*o. Calculate the remainder when 2/(285/(-291) - -1) is divided by o.
6
Suppose -5*w + 2*y + 607 + 295 = 0, -2*w - y + 350 = 0. Calculate the remainder when 915 is divided by w.
25
Suppose 0 = 4*s - 2*z - 8, 4*s + z - 6*z = 8. Suppose x = 2*n - 3*x - 122, 2*n - 146 = -s*x. Calculate the remainder when n is divided by 15.
9
Let q(k) = 649*k + 9748. What is the remainder when 660 is divided by q(-15)?
10
Suppose 0*r + 4*r - 192 = 0. Let q = 898 + -847. Suppose -c - 2*s + 30 = 2*s, 0 = -2*c + s + q. What is the remainder when r is divided by c?
22
Suppose 15*u = 321 + 1719. Let h = u - 102. What is the remainder when h is divided by 8?
2
Let p(x) = -x**3 - 4*x**2 - x + 3. Let g be 1*(1 - -10)*(-5)/5. Let v = g + 18. What is the remainder when p(-5) is divided by v?
5
What is the remainder when (-260 + 43)/(9/(-12) + 3/12) is divided by 105?
14
Suppose -14*j + 17*j - 294 = 0. Suppose -888 = -67*m + 452. What is the remainder when j is divided by m?
18
Suppose -1498 = 37*b - 30*b. Let d = b + 230. Calculate the remainder when 57 is divided by d.
9
Suppose -a - 11 = -68. Suppose 69012 + 165571 = 518*m - 59641. Calculate the remainder when m is divided by a.
55
Suppose 40289*l - 40232*l - 24510 = 0. What is the remainder when 895 is divided by l?
35
S